{"id":3108,"date":"2017-04-14T10:43:02","date_gmt":"2017-04-14T09:43:02","guid":{"rendered":"http:\/\/entrelapoireetlefromage.com\/blog\/?page_id=3108"},"modified":"2025-08-11T13:03:40","modified_gmt":"2025-08-11T12:03:40","slug":"jai-teste-pour-vous","status":"publish","type":"page","link":"https:\/\/entrelapoireetlefromage.com\/blog\/index.php\/jai-teste-pour-vous\/","title":{"rendered":"Escapades Gourmandes"},"content":{"rendered":"\n<p>Dans cette section, je vous emm\u00e8ne d\u00e9couvrir des lieux o\u00f9 la cuisine se vit, se partage et se d\u00e9guste. Qu\u2019il s\u2019agisse de bonnes adresses d\u00e9nich\u00e9es au d\u00e9tour d\u2019une ruelle, de restaurants qui m\u00e9ritent le d\u00e9tour, ou encore de moments privil\u00e9gi\u00e9s pass\u00e9s en cuisine aux c\u00f4t\u00e9s de grands chefs, chaque escapade est une invitation \u00e0 \u00e9veiller vos papilles.<\/p>\n\n\n\n<p>Vous y trouverez des recommandations sinc\u00e8res, des exp\u00e9riences culinaires uniques, et, je l\u2019esp\u00e8re, l\u2019envie de partir \u00e0 votre tour \u00e0 la rencontre des saveurs d\u2019ici et d\u2019ailleurs.<\/p>\n\n\n\n<p>Pr\u00eats \u00e0 embarquer pour un voyage gourmand ? Suivez-moi !<\/p>\n\n\n\n<p><\/p>\n\n\n\n<h4 class=\"wp-block-heading\"><strong>Les Adresses Gourmandes<\/strong><\/h4>\n\n\n\n<details class=\"wp-block-details is-layout-flow wp-block-details-is-layout-flow\"><summary>P\u00e2tisserie TOMO \u00e0 Paris (75002)<\/summary>\n<p><\/p>\n\n\n\n<div class=\"wp-block-media-text is-stacked-on-mobile\" style=\"grid-template-columns:33% auto\"><figure class=\"wp-block-media-text__media\"><img loading=\"lazy\" decoding=\"async\" width=\"640\" height=\"202\" src=\"https:\/\/entrelapoireetlefromage.com\/blog\/wp-content\/uploads\/2017\/11\/PATISSERIE-TOMO.jpg\" alt=\"\" class=\"wp-image-3663 size-full\" srcset=\"https:\/\/entrelapoireetlefromage.com\/blog\/wp-content\/uploads\/2017\/11\/PATISSERIE-TOMO.jpg 640w, https:\/\/entrelapoireetlefromage.com\/blog\/wp-content\/uploads\/2017\/11\/PATISSERIE-TOMO-300x95.jpg 300w\" sizes=\"auto, (max-width: 640px) 100vw, 640px\" \/><\/figure><div class=\"wp-block-media-text__content\">\n<p>Entre savoir-faire nippon et \u00e9l\u00e9gance parisienne, la <a href=\"https:\/\/entrelapoireetlefromage.com\/blog\/index.php\/2017\/11\/09\/patisserie-tomo-a-paris-75002\/\" data-type=\"post\" data-id=\"3650\">p\u00e2tisserie TOMO<\/a> sublime les douceurs traditionnelles comme le dorayaki avec une touche contemporaine. Un incontournable pour les amateurs de douceurs raffin\u00e9es !<\/p>\n<\/div><\/div>\n<\/details>\n\n\n\n<details class=\"wp-block-details is-layout-flow wp-block-details-is-layout-flow\"><summary>Restaurant Le Saint Placide \u00e0 Saint-Malo (35400)<\/summary>\n<p><\/p>\n\n\n\n<div class=\"wp-block-media-text is-stacked-on-mobile\" style=\"grid-template-columns:33% auto\"><figure class=\"wp-block-media-text__media\"><img loading=\"lazy\" decoding=\"async\" width=\"1200\" height=\"628\" src=\"https:\/\/entrelapoireetlefromage.com\/blog\/wp-content\/uploads\/2019\/01\/Le-Saint-Placide.png\" alt=\"\" class=\"wp-image-5117 size-full\" srcset=\"https:\/\/entrelapoireetlefromage.com\/blog\/wp-content\/uploads\/2019\/01\/Le-Saint-Placide.png 1200w, https:\/\/entrelapoireetlefromage.com\/blog\/wp-content\/uploads\/2019\/01\/Le-Saint-Placide-300x157.png 300w, https:\/\/entrelapoireetlefromage.com\/blog\/wp-content\/uploads\/2019\/01\/Le-Saint-Placide-768x402.png 768w\" sizes=\"auto, (max-width: 1200px) 100vw, 1200px\" \/><\/figure><div class=\"wp-block-media-text__content\">\n<p>Une \u00e9toile Michelin, une cuisine subtile et audacieuse, et un chef passionn\u00e9 qui sublime les produits bretons. <a href=\"https:\/\/entrelapoireetlefromage.com\/blog\/index.php\/2019\/04\/09\/restaurant-le-saint-placide-a-saint-malo-35400\/\" data-type=\"post\" data-id=\"5202\">Le Saint Placide<\/a> est une exp\u00e9rience raffin\u00e9e entre terre et mer, au c\u0153ur de la cit\u00e9 corsaire.<\/p>\n<\/div><\/div>\n<\/details>\n\n\n\n<details class=\"wp-block-details is-layout-flow wp-block-details-is-layout-flow\"><summary>Restaurant Le Chasse-Mar\u00e9e aux Portes-en R\u00e9 (17880)<\/summary>\n<p><\/p>\n\n\n\n<div class=\"wp-block-media-text is-stacked-on-mobile\" style=\"grid-template-columns:33% auto\"><figure class=\"wp-block-media-text__media\"><img loading=\"lazy\" decoding=\"async\" width=\"379\" height=\"286\" src=\"https:\/\/entrelapoireetlefromage.com\/blog\/wp-content\/uploads\/2017\/04\/Le-Chasse-Mar\u00e9e.png\" alt=\"\" class=\"wp-image-3153 size-full\" srcset=\"https:\/\/entrelapoireetlefromage.com\/blog\/wp-content\/uploads\/2017\/04\/Le-Chasse-Mar\u00e9e.png 379w, https:\/\/entrelapoireetlefromage.com\/blog\/wp-content\/uploads\/2017\/04\/Le-Chasse-Mar\u00e9e-300x226.png 300w\" sizes=\"auto, (max-width: 379px) 100vw, 379px\" \/><\/figure><div class=\"wp-block-media-text__content\">\n<p>Ce restaurant authentique c\u00e9l\u00e8bre les tr\u00e9sors de la mer avec une cuisine fra\u00eeche, locale et pleine de caract\u00e8re. <a href=\"https:\/\/entrelapoireetlefromage.com\/blog\/index.php\/2017\/08\/09\/restaurant-le-chasse-maree-aux-portes-en-re\/\" data-type=\"post\" data-id=\"3151\">Le Chasse-Mar\u00e9e<\/a> est une escale gourmande entre terre et oc\u00e9an, \u00e0 savourer les pieds dans l\u2019eau.<\/p>\n<\/div><\/div>\n<\/details>\n\n\n\n<details class=\"wp-block-details is-layout-flow wp-block-details-is-layout-flow\"><summary>Restaurant le 5 Mains \u00e0 Lyon (69005)<\/summary>\n<p><\/p>\n\n\n\n<div class=\"wp-block-media-text is-stacked-on-mobile\" style=\"grid-template-columns:33% auto\"><figure class=\"wp-block-media-text__media\"><img loading=\"lazy\" decoding=\"async\" width=\"960\" height=\"960\" src=\"https:\/\/entrelapoireetlefromage.com\/blog\/wp-content\/uploads\/2017\/04\/Le-Cinq-Mains.jpg\" alt=\"\" class=\"wp-image-3181 size-full\" srcset=\"https:\/\/entrelapoireetlefromage.com\/blog\/wp-content\/uploads\/2017\/04\/Le-Cinq-Mains.jpg 960w, https:\/\/entrelapoireetlefromage.com\/blog\/wp-content\/uploads\/2017\/04\/Le-Cinq-Mains-150x150.jpg 150w, https:\/\/entrelapoireetlefromage.com\/blog\/wp-content\/uploads\/2017\/04\/Le-Cinq-Mains-300x300.jpg 300w, https:\/\/entrelapoireetlefromage.com\/blog\/wp-content\/uploads\/2017\/04\/Le-Cinq-Mains-768x768.jpg 768w\" sizes=\"auto, (max-width: 960px) 100vw, 960px\" \/><\/figure><div class=\"wp-block-media-text__content\">\n<p>Ce lieu vibrant m\u00eale cr\u00e9ativit\u00e9, convivialit\u00e9 et cuisine de caract\u00e8re, port\u00e9 par cinq chefs passionn\u00e9s aux univers compl\u00e9mentaires. <a href=\"https:\/\/entrelapoireetlefromage.com\/blog\/index.php\/2017\/04\/14\/restaurant-le-5inq-mains-a-lyon-69005\/\" data-type=\"post\" data-id=\"3167\">Le 5 Mains<\/a> est une table \u00e0 d\u00e9couvrir absolument pour les amateurs de saveurs audacieuses et de partage.<\/p>\n<\/div><\/div>\n<\/details>\n\n\n\n<p><\/p>\n\n\n<div class=\"wp-block-image\">\n<figure class=\"aligncenter size-full is-resized\"><img loading=\"lazy\" decoding=\"async\" width=\"640\" height=\"427\" src=\"https:\/\/entrelapoireetlefromage.com\/blog\/wp-content\/uploads\/2025\/08\/table-6657853_640.jpg\" alt=\"\" class=\"wp-image-13732\" style=\"width:399px;height:auto\" srcset=\"https:\/\/entrelapoireetlefromage.com\/blog\/wp-content\/uploads\/2025\/08\/table-6657853_640.jpg 640w, https:\/\/entrelapoireetlefromage.com\/blog\/wp-content\/uploads\/2025\/08\/table-6657853_640-300x200.jpg 300w, https:\/\/entrelapoireetlefromage.com\/blog\/wp-content\/uploads\/2025\/08\/table-6657853_640-420x280.jpg 420w\" sizes=\"auto, (max-width: 640px) 100vw, 640px\" \/><\/figure>\n<\/div>\n\n\n<p><\/p>\n\n\n\n<h4 class=\"wp-block-heading\"><strong>Les Cours de Cuisine<\/strong><\/h4>\n\n\n\n<details class=\"wp-block-details is-layout-flow wp-block-details-is-layout-flow\"><summary>Le Manoir du Lys de Franck Quinton \u00e0 Bagnoles-de-l&rsquo;Orne (61140)<\/summary>\n<p><\/p>\n\n\n\n<div class=\"wp-block-media-text is-stacked-on-mobile\" style=\"grid-template-columns:33% auto\"><figure class=\"wp-block-media-text__media\"><img loading=\"lazy\" decoding=\"async\" width=\"276\" height=\"275\" src=\"https:\/\/entrelapoireetlefromage.com\/blog\/wp-content\/uploads\/2017\/11\/Manoir-du-Lys-Logo.jpg\" alt=\"\" class=\"wp-image-3724 size-full\" srcset=\"https:\/\/entrelapoireetlefromage.com\/blog\/wp-content\/uploads\/2017\/11\/Manoir-du-Lys-Logo.jpg 276w, https:\/\/entrelapoireetlefromage.com\/blog\/wp-content\/uploads\/2017\/11\/Manoir-du-Lys-Logo-150x150.jpg 150w\" sizes=\"auto, (max-width: 276px) 100vw, 276px\" \/><\/figure><div class=\"wp-block-media-text__content\">\n<p>Nich\u00e9e au c\u0153ur de la for\u00eat normande, l&rsquo;\u00e9cole de cuisine <a href=\"https:\/\/entrelapoireetlefromage.com\/blog\/index.php\/2017\/11\/30\/cours-de-cuisine-le-manoir-du-lys-de-franck-quinton\/\" data-type=\"post\" data-id=\"3103\">Le Manoir du Lys<\/a> invite \u00e0 une immersion sensorielle entre terroir, produits sauvages et cr\u00e9ativit\u00e9 \u00e9toil\u00e9e. Une parenth\u00e8se gastronomique unique, entre nature et savoir-faire.<\/p>\n<\/div><\/div>\n<\/details>\n\n\n\n<details class=\"wp-block-details is-layout-flow wp-block-details-is-layout-flow\"><summary>Ecole de cuisine Alain Ducasse \u00e0 Paris (75016)<\/summary>\n<p><\/p>\n\n\n\n<div class=\"wp-block-media-text is-stacked-on-mobile\" style=\"grid-template-columns:33% auto\"><figure class=\"wp-block-media-text__media\"><img loading=\"lazy\" decoding=\"async\" width=\"640\" height=\"215\" src=\"https:\/\/entrelapoireetlefromage.com\/blog\/wp-content\/uploads\/2017\/07\/Ecole-de-cuisine-Alain-Ducasse.jpeg\" alt=\"\" class=\"wp-image-3418 size-full\" srcset=\"https:\/\/entrelapoireetlefromage.com\/blog\/wp-content\/uploads\/2017\/07\/Ecole-de-cuisine-Alain-Ducasse.jpeg 640w, https:\/\/entrelapoireetlefromage.com\/blog\/wp-content\/uploads\/2017\/07\/Ecole-de-cuisine-Alain-Ducasse-300x101.jpeg 300w\" sizes=\"auto, (max-width: 640px) 100vw, 640px\" \/><\/figure><div class=\"wp-block-media-text__content\">\n<p><a href=\"https:\/\/entrelapoireetlefromage.com\/blog\/index.php\/2017\/07\/12\/cours-de-cuisine-ecole-de-cuisine-alain-ducasse\/\" data-type=\"post\" data-id=\"3097\">L&rsquo;\u00e9cole de cuisine Alain Ducasse<\/a> est un lieu d\u2019exception o\u00f9 passionn\u00e9s et curieux apprennent aux c\u00f4t\u00e9s de chefs experts, dans l\u2019esprit d\u2019une cuisine responsable, cr\u00e9ative et exigeante. Un incontournable pour vivre l\u2019art de la gastronomie \u00e0 la fran\u00e7aise<\/p>\n<\/div><\/div>\n<\/details>\n","protected":false},"excerpt":{"rendered":"<p>Dans cette section, je vous emm\u00e8ne d\u00e9couvrir des lieux o\u00f9 la cuisine se vit, se partage et se d\u00e9guste. Qu\u2019il s\u2019agisse de bonnes adresses d\u00e9nich\u00e9es &hellip; <\/p>\n","protected":false},"author":1,"featured_media":0,"parent":0,"menu_order":0,"comment_status":"closed","ping_status":"closed","template":"","meta":{"_exactmetrics_skip_tracking":false,"_exactmetrics_sitenote_active":false,"_exactmetrics_sitenote_note":"","_exactmetrics_sitenote_category":0,"footnotes":""},"class_list":["post-3108","page","type-page","status-publish","hentry"],"_links":{"self":[{"href":"https:\/\/entrelapoireetlefromage.com\/blog\/index.php\/wp-json\/wp\/v2\/pages\/3108","targetHints":{"allow":["GET"]}}],"collection":[{"href":"https:\/\/entrelapoireetlefromage.com\/blog\/index.php\/wp-json\/wp\/v2\/pages"}],"about":[{"href":"https:\/\/entrelapoireetlefromage.com\/blog\/index.php\/wp-json\/wp\/v2\/types\/page"}],"author":[{"embeddable":true,"href":"https:\/\/entrelapoireetlefromage.com\/blog\/index.php\/wp-json\/wp\/v2\/users\/1"}],"replies":[{"embeddable":true,"href":"https:\/\/entrelapoireetlefromage.com\/blog\/index.php\/wp-json\/wp\/v2\/comments?post=3108"}],"version-history":[{"count":40,"href":"https:\/\/entrelapoireetlefromage.com\/blog\/index.php\/wp-json\/wp\/v2\/pages\/3108\/revisions"}],"predecessor-version":[{"id":13786,"href":"https:\/\/entrelapoireetlefromage.com\/blog\/index.php\/wp-json\/wp\/v2\/pages\/3108\/revisions\/13786"}],"wp:attachment":[{"href":"https:\/\/entrelapoireetlefromage.com\/blog\/index.php\/wp-json\/wp\/v2\/media?parent=3108"}],"curies":[{"name":"wp","href":"https:\/\/api.w.org\/{rel}","templated":true}]}}